tor of 119 and 431494.
119
Calculate the highest common factor of 6604 and 572516.
508
What is the greatest common divisor of 80697 and 555?
111
Calculate the greatest common factor of 58 and 3032.
2
Calculate the greatest common factor of 5436 and 23508.
36
What is the greatest common divisor of 3888 and 57132?
108
Calculate the greatest common factor of 62 and 2368.
2
Calculate the greatest common divisor of 290 and 1810.
10
What is the greatest common factor of 819980 and 280?
140
Calculate the greatest common factor of 602 and 1078.
14
What is the greatest common divisor of 330 and 52580?
110
Calculate the greatest common factor of 100 and 17450.
50
What is the greatest common factor of 136 and 449752?
136
What is the highest common divisor of 878 and 1017163?
439
What is the greatest common divisor of 468 and 1203176?
52
Calculate the highest common factor of 5838 and 49182.
42
What is the greatest common divisor of 654330 and 1530?
510
Calculate the greatest common divisor of 84165 and 465.
465
Calculate the greatest common divisor of 74681 and 8977.
191
Calculate the greatest common factor of 18100 and 50900.
100
What is the greatest common divisor of 1097632 and 64?
32
Calculate the greatest common divisor of 6951 and 14119.
7
Calculate the greatest common factor of 1177719 and 261.
87
What is the highest common divisor of 160023 and 738?
123
What is the greatest common divisor of 719108 and 260?
52
Calculate the greatest common divisor of 388 and 6232056.
388
Calculate the greatest common divisor of 1632 and 6834.
102
What is the greatest common divisor of 1257852 and 12?
12
What is the greatest common factor of 154238 and 322?
322
Calculate the greatest common factor of 3160281 and 148.
37
What is the greatest common divisor of 270920 and 520?
520
What is the greatest common factor of 3696 and 24864?
336
Calculate the greatest common factor of 996 and 615777.
249
Calculate the greatest common factor of 1326898 and 1396.
698
Calculate the greatest common factor of 354 and 108.
6
What is the greatest common divisor of 33 and 1534335?
33
What is the highest common divisor of 79456 and 7904?
416
What is the highest common divisor of 3408 and 1384287?
213
What is the greatest common factor of 161874 and 68?
34
What is the highest common factor of 485 and 30361?
97
Calculate the highest common divisor of 679173 and 4719.
363
What is the greatest common factor of 140 and 141302?
14
What is the greatest common divisor of 1632 and 169626?
102
What is the highest common factor of 2275630 and 35?
35
Calculate the greatest common divisor of 500472 and 432.
216
Calculate the highest common divisor of 1441 and 33667.
131
Calculate the highest common divisor of 138 and 121026.
138
What is the greatest common divisor of 12 and 161484?
12
What is the highest common divisor of 1 and 103561?
1
What is the highest common divisor of 1700 and 3200?
100
What is the highest common factor of 11819 and 2676?
223
What is the highest common divisor of 401736 and 1596?
228
What is the greatest common factor of 39 and 67119?
39
What is the highest common factor of 43914 and 403?
13
What is the greatest common divisor of 743 and 168661?
743
What is the highest common divisor of 688 and 32594?
86
Calculate the greatest common factor of 972 and 4687227.
243
What is the greatest common factor of 4173 and 25359?
321
What is the greatest common factor of 2490 and 252818?
166
What is the highest common divisor of 257925 and 30?
15
Calculate the highest common factor of 428352 and 23.
23
Calculate the greatest common factor of 25470 and 210.
30
Calculate the highest common factor of 16088296 and 56.
56
Calculate the highest common factor of 23 and 848171.
23
Calculate the highest common factor of 177290 and 190.
10
Calculate the greatest common factor of 2083661 and 123.
41
Calculate the greatest common factor of 174 and 551116.
58
Calculate the greatest common factor of 2136 and 60.
12
What is the greatest common divisor of 126392 and 8?
8
Calculate the greatest common factor of 18 and 1734114.
6
Calculate the highest common factor of 5952 and 1860.
372
What is the greatest common factor of 97768 and 2662?
242
What is the highest common factor of 88085 and 6715?
395
What is the highest common divisor of 328 and 36326?
82
Calculate the highest common factor of 16940 and 155.
5
Calculate the highest common divisor of 29414 and 11396.
154
Calculate the highest common divisor of 22330 and 66.
22
Calculate the highest common factor of 70176 and 714.
102
What is the highest common divisor of 22494 and 690?
138
Calculate the greatest common divisor of 308384 and 552.
184
What is the highest common factor of 17 and 691118?
17
Calculate the highest common divisor of 8559 and 1268.
317
Calculate the greatest common factor of 136410 and 540.
30
What is the greatest common factor of 30 and 19146?
6
What is the greatest common divisor of 4271912 and 40?
8
Calculate the greatest common factor of 5486 and 115839.
211
Calculate the highest common divisor of 3126900 and 25.
25
What is the highest common factor of 86 and 155316?
86
Calculate the highest common divisor of 544 and 3500.
4
Calculate the highest common factor of 45484 and 2740.
548
What is the highest common factor of 5612 and 1672?
4
Calculate the highest common factor of 12845 and 21.
7
Calculate the highest common factor of 6 and 4605.
3
Calculate the highest common divisor of 2141587 and 394.
197
What is the greatest common divisor of 1353 and 7503?
123
What is the highest common factor of 4430430 and 18?
18
Calculate the highest common divisor of 532 and 447412.
532
Calculate the greatest common factor of 784 and 20944.
112
What is the highest common factor of 652545 and 1785?
255
What is the highest common divisor of 29584 and 3440?
688
What is the greatest common divisor of 203634 and 1458?
486
Calculate the highest common factor of 514 and 236697.
257
Calculate the highest common divisor of 36 and 10918.
2
What is the greatest common factor of 7122 and 205351?
1187
Calculate the highest common factor of 542298 and 201.
201
What is the greatest common factor of 30281 and 749?
107
What is the highest common divisor of 2691 and 8866?
13
What is the greatest common factor of 158 and 10002?
2
What is the highest common divisor of 250 and 1450?
50
What is the highest common divisor of 2168 and 9214?
542
What is the highest common divisor of 38624 and 6112?
32
Calculate the highest common divisor of 81 and 1300941.
81
What is the highest common divisor of 9672 and 2472?
24
What is the highest common divisor of 764040 and 360?
120
Calculate the greatest common divisor of 1420748 and 2.
2
Calculate the highest common divisor of 26895 and 165.
165
Calculate the highest common divisor of 4814 and 332.
166
Calculate the highest common factor of 162954 and 594.
198
Calculate the highest common divisor of 1621 and 419.
1
What is the highest common factor of 5915714 and 14?
14
Calculate the highest common divisor of 639 and 185594.
71
Calculate the highest common factor of 14 and 107758.
14
What is the greatest common factor of 1173357 and 153?
153
Calculate the greatest common divisor of 468 and 554148.
36
What is the highest common divisor of 534442 and 6354?
706
Calculate the highest common factor of 32 and 3704752.
16
Calculate the greatest common divisor of 18 and 369516.
6
What is the highest common divisor of 33400 and 200?
200
Calculate the highest common divisor of 104076 and 49.
49
Calculate the highest common factor of 95980 and 1490.
10
What is the greatest common divisor of 111648 and 96?
96
What is the greatest common divisor of 22059 and 31347?
1161
What is the greatest common divisor of 1908 and 2336028?
636
Calculate the highest common divisor of 45 and 22240.
5
What is the greatest common factor of 4 and 13798?
2
Calculate the highest common divisor of 375 and 91375.
125
Calculate the greatest common divisor of 94973 and 73.
73
What is the highest common divisor of 130323 and 6?
3
Calculate the greatest common factor of 447898 and 22.
22
What is the highest common factor of 103446 and 84?
42
What is the highest common divisor of 888 and 1739?
37
Calculate the highest common factor of 228 and 47367.
57
Calcula